{"id":11,"date":"2021-01-29T08:30:44","date_gmt":"2021-01-29T08:30:44","guid":{"rendered":"https:\/\/gestimedios.com\/?page_id=11"},"modified":"2024-03-26T10:49:27","modified_gmt":"2024-03-26T10:49:27","slug":"inicio","status":"publish","type":"page","link":"https:\/\/centrodenegocioscordoba.com\/transportessidro\/","title":{"rendered":"Inicio"},"content":{"rendered":"<p>[et_pb_section fb_built=\u00bb1&#8243; _builder_version=\u00bb4.16&#8243; _module_preset=\u00bbdefault\u00bb custom_margin=\u00bb0px||||false|false\u00bb custom_padding=\u00bb0px||174px||false|false\u00bb global_colors_info=\u00bb{}\u00bb][et_pb_row _builder_version=\u00bb4.16&#8243; _module_preset=\u00bbdefault\u00bb width=\u00bb100%\u00bb max_width=\u00bb2560px\u00bb custom_margin=\u00bb0px||||false|false\u00bb custom_padding=\u00bb0px||||false|false\u00bb global_colors_info=\u00bb{}\u00bb][et_pb_column type=\u00bb4_4&#8243; _builder_version=\u00bb4.16&#8243; _module_preset=\u00bbdefault\u00bb global_colors_info=\u00bb{}\u00bb][et_pb_slider _builder_version=\u00bb4.20.2&#8243; _module_preset=\u00bbdefault\u00bb global_colors_info=\u00bb{}\u00bb][et_pb_slide _builder_version=\u00bb4.20.2&#8243; _module_preset=\u00bbdefault\u00bb background_enable_color=\u00bboff\u00bb background_image=\u00bbhttps:\/\/centrodenegocioscordoba.com\/transportessidro\/wp-content\/uploads\/sites\/15\/2023\/08\/3-scaled.jpeg\u00bb background_enable_image=\u00bbon\u00bb global_colors_info=\u00bb{}\u00bb sticky_transition=\u00bbon\u00bb][\/et_pb_slide][et_pb_slide _builder_version=\u00bb4.20.2&#8243; _module_preset=\u00bbdefault\u00bb background_image=\u00bbhttps:\/\/centrodenegocioscordoba.com\/transportessidro\/wp-content\/uploads\/sites\/15\/2023\/08\/5-scaled.jpg\u00bb background_enable_image=\u00bbon\u00bb global_colors_info=\u00bb{}\u00bb sticky_transition=\u00bbon\u00bb][\/et_pb_slide][et_pb_slide _builder_version=\u00bb4.20.2&#8243; _module_preset=\u00bbdefault\u00bb background_image=\u00bbhttps:\/\/centrodenegocioscordoba.com\/transportessidro\/wp-content\/uploads\/sites\/15\/2023\/08\/8-scaled.jpg\u00bb background_enable_image=\u00bbon\u00bb global_colors_info=\u00bb{}\u00bb sticky_transition=\u00bbon\u00bb][\/et_pb_slide][et_pb_slide _builder_version=\u00bb4.20.2&#8243; _module_preset=\u00bbdefault\u00bb background_image=\u00bbhttps:\/\/centrodenegocioscordoba.com\/transportessidro\/wp-content\/uploads\/sites\/15\/2023\/08\/7.jpg\u00bb background_enable_image=\u00bbon\u00bb global_colors_info=\u00bb{}\u00bb sticky_transition=\u00bbon\u00bb][\/et_pb_slide][et_pb_slide _builder_version=\u00bb4.20.2&#8243; _module_preset=\u00bbdefault\u00bb background_image=\u00bbhttps:\/\/centrodenegocioscordoba.com\/transportessidro\/wp-content\/uploads\/sites\/15\/2023\/08\/2-scaled.jpeg\u00bb background_enable_image=\u00bbon\u00bb global_colors_info=\u00bb{}\u00bb sticky_transition=\u00bbon\u00bb][\/et_pb_slide][et_pb_slide _builder_version=\u00bb4.20.2&#8243; _module_preset=\u00bbdefault\u00bb background_image=\u00bbhttps:\/\/centrodenegocioscordoba.com\/transportessidro\/wp-content\/uploads\/sites\/15\/2023\/08\/4.jpg\u00bb background_enable_image=\u00bbon\u00bb global_colors_info=\u00bb{}\u00bb sticky_transition=\u00bbon\u00bb][\/et_pb_slide][et_pb_slide _builder_version=\u00bb4.20.2&#8243; _module_preset=\u00bbdefault\u00bb background_image=\u00bbhttps:\/\/centrodenegocioscordoba.com\/transportessidro\/wp-content\/uploads\/sites\/15\/2023\/05\/transportes-sidro-.png\u00bb background_enable_image=\u00bbon\u00bb global_colors_info=\u00bb{}\u00bb sticky_transition=\u00bbon\u00bb][\/et_pb_slide][et_pb_slide _builder_version=\u00bb4.20.2&#8243; _module_preset=\u00bbdefault\u00bb background_image=\u00bbhttps:\/\/centrodenegocioscordoba.com\/transportessidro\/wp-content\/uploads\/sites\/15\/2023\/05\/FOTO-SIDRO-1.jpg\u00bb background_enable_image=\u00bbon\u00bb global_colors_info=\u00bb{}\u00bb sticky_transition=\u00bbon\u00bb][\/et_pb_slide][et_pb_slide _builder_version=\u00bb4.20.2&#8243; _module_preset=\u00bbdefault\u00bb background_image=\u00bbhttps:\/\/centrodenegocioscordoba.com\/transportessidro\/wp-content\/uploads\/sites\/15\/2023\/08\/6.jpg\u00bb background_enable_image=\u00bbon\u00bb global_colors_info=\u00bb{}\u00bb sticky_transition=\u00bbon\u00bb][\/et_pb_slide][et_pb_slide _builder_version=\u00bb4.20.2&#8243; _module_preset=\u00bbdefault\u00bb background_image=\u00bbhttps:\/\/centrodenegocioscordoba.com\/transportessidro\/wp-content\/uploads\/sites\/15\/2023\/08\/2-scaled.jpeg\u00bb background_enable_image=\u00bbon\u00bb global_colors_info=\u00bb{}\u00bb sticky_transition=\u00bbon\u00bb][\/et_pb_slide][\/et_pb_slider][\/et_pb_column][\/et_pb_row][et_pb_row column_structure=\u00bb1_4,1_4,1_4,1_4&#8243; disabled_on=\u00bbon|on|on\u00bb _builder_version=\u00bb4.20.2&#8243; _module_preset=\u00bbdefault\u00bb max_width=\u00bb2560px\u00bb disabled=\u00bbon\u00bb global_colors_info=\u00bb{}\u00bb][et_pb_column type=\u00bb1_4&#8243; _builder_version=\u00bb4.16&#8243; _module_preset=\u00bbdefault\u00bb global_colors_info=\u00bb{}\u00bb][et_pb_text _builder_version=\u00bb4.16&#8243; _module_preset=\u00bbdefault\u00bb global_colors_info=\u00bb{}\u00bb]<\/p>\n<h3 style=\"text-align: center\"><img loading=\"lazy\" decoding=\"async\" src=\"https:\/\/centrodenegocioscordoba.com\/transportessidro\/wp-content\/uploads\/sites\/15\/2021\/02\/logo-dcc-300x93.jpg\" alt=\"\" class=\"wp-image-36 alignnone size-medium\" style=\"margin-left: auto;margin-right: auto\" width=\"300\" height=\"93\" srcset=\"https:\/\/centrodenegocioscordoba.com\/transportessidro\/wp-content\/uploads\/sites\/15\/2021\/02\/logo-dcc-300x93.jpg 300w, https:\/\/centrodenegocioscordoba.com\/transportessidro\/wp-content\/uploads\/sites\/15\/2021\/02\/logo-dcc.jpg 444w\" sizes=\"(max-width: 300px) 100vw, 300px\" \/><strong>Texto1<\/strong><\/h3>\n<p>[\/et_pb_text][\/et_pb_column][et_pb_column type=\u00bb1_4&#8243; _builder_version=\u00bb4.16&#8243; _module_preset=\u00bbdefault\u00bb global_colors_info=\u00bb{}\u00bb][et_pb_text _builder_version=\u00bb4.16&#8243; _module_preset=\u00bbdefault\u00bb global_colors_info=\u00bb{}\u00bb]<\/p>\n<h3 style=\"text-align: center\"><img loading=\"lazy\" decoding=\"async\" src=\"https:\/\/centrodenegocioscordoba.com\/transportessidro\/wp-content\/uploads\/sites\/15\/2021\/02\/logo-dcc-300x93.jpg\" alt=\"\" class=\"wp-image-36 alignnone size-medium\" style=\"margin-left: auto;margin-right: auto\" width=\"300\" height=\"93\" srcset=\"https:\/\/centrodenegocioscordoba.com\/transportessidro\/wp-content\/uploads\/sites\/15\/2021\/02\/logo-dcc-300x93.jpg 300w, https:\/\/centrodenegocioscordoba.com\/transportessidro\/wp-content\/uploads\/sites\/15\/2021\/02\/logo-dcc.jpg 444w\" sizes=\"(max-width: 300px) 100vw, 300px\" \/><strong>Texto2<\/strong><\/h3>\n<p>[\/et_pb_text][\/et_pb_column][et_pb_column type=\u00bb1_4&#8243; _builder_version=\u00bb4.16&#8243; _module_preset=\u00bbdefault\u00bb global_colors_info=\u00bb{}\u00bb][et_pb_text _builder_version=\u00bb4.16&#8243; _module_preset=\u00bbdefault\u00bb global_colors_info=\u00bb{}\u00bb]<\/p>\n<h3 style=\"text-align: center\"><img loading=\"lazy\" decoding=\"async\" src=\"https:\/\/centrodenegocioscordoba.com\/transportessidro\/wp-content\/uploads\/sites\/15\/2021\/02\/logo-dcc-300x93.jpg\" alt=\"\" class=\"wp-image-36 alignnone size-medium\" style=\"margin-left: auto;margin-right: auto\" width=\"300\" height=\"93\" srcset=\"https:\/\/centrodenegocioscordoba.com\/transportessidro\/wp-content\/uploads\/sites\/15\/2021\/02\/logo-dcc-300x93.jpg 300w, https:\/\/centrodenegocioscordoba.com\/transportessidro\/wp-content\/uploads\/sites\/15\/2021\/02\/logo-dcc.jpg 444w\" sizes=\"(max-width: 300px) 100vw, 300px\" \/><strong>Texto3<\/strong><\/h3>\n<p>[\/et_pb_text][\/et_pb_column][et_pb_column type=\u00bb1_4&#8243; _builder_version=\u00bb4.16&#8243; _module_preset=\u00bbdefault\u00bb global_colors_info=\u00bb{}\u00bb][et_pb_text _builder_version=\u00bb4.16&#8243; _module_preset=\u00bbdefault\u00bb global_colors_info=\u00bb{}\u00bb]<\/p>\n<h3 style=\"text-align: center\"><img loading=\"lazy\" decoding=\"async\" src=\"https:\/\/centrodenegocioscordoba.com\/transportessidro\/wp-content\/uploads\/sites\/15\/2021\/02\/logo-dcc-300x93.jpg\" alt=\"\" class=\"wp-image-36 alignnone size-medium\" style=\"margin-left: auto;margin-right: auto\" width=\"300\" height=\"93\" srcset=\"https:\/\/centrodenegocioscordoba.com\/transportessidro\/wp-content\/uploads\/sites\/15\/2021\/02\/logo-dcc-300x93.jpg 300w, https:\/\/centrodenegocioscordoba.com\/transportessidro\/wp-content\/uploads\/sites\/15\/2021\/02\/logo-dcc.jpg 444w\" sizes=\"(max-width: 300px) 100vw, 300px\" \/><strong>Texto4<\/strong><\/h3>\n<p>[\/et_pb_text][\/et_pb_column][\/et_pb_row][et_pb_row _builder_version=\u00bb4.16&#8243; _module_preset=\u00bbdefault\u00bb global_colors_info=\u00bb{}\u00bb][et_pb_column type=\u00bb4_4&#8243; _builder_version=\u00bb4.16&#8243; _module_preset=\u00bbdefault\u00bb global_colors_info=\u00bb{}\u00bb][et_pb_text _builder_version=\u00bb4.20.2&#8243; _module_preset=\u00bbdefault\u00bb header_text_align=\u00bbcenter\u00bb header_text_color=\u00bb#0C71C3&#8243; header_font_size=\u00bb35px\u00bb global_colors_info=\u00bb{}\u00bb]<\/p>\n<h1><strong>SHOWROOM<\/strong><\/h1>\n<p>[\/et_pb_text][\/et_pb_column][\/et_pb_row][et_pb_row use_custom_gutter=\u00bbon\u00bb module_class=\u00bbds-carousel\u00bb _builder_version=\u00bb4.16&#8243; _module_preset=\u00bbdefault\u00bb max_width=\u00bb2560px\u00bb global_colors_info=\u00bb{}\u00bb][et_pb_column type=\u00bb4_4&#8243; _builder_version=\u00bb4.16&#8243; _module_preset=\u00bbdefault\u00bb global_colors_info=\u00bb{}\u00bb][et_pb_image src=\u00bbhttps:\/\/centrodenegocioscordoba.com\/transportessidro\/wp-content\/uploads\/sites\/15\/2023\/08\/1-scaled.jpeg\u00bb title_text=\u00bb1&#8243; _builder_version=\u00bb4.20.2&#8243; _module_preset=\u00bbdefault\u00bb custom_padding=\u00bb|30px||30px|false|false\u00bb global_colors_info=\u00bb{}\u00bb][\/et_pb_image][et_pb_image src=\u00bbhttps:\/\/centrodenegocioscordoba.com\/transportessidro\/wp-content\/uploads\/sites\/15\/2023\/08\/5-scaled-e1691474489264.jpg\u00bb title_text=\u00bb5&#8243; _builder_version=\u00bb4.20.2&#8243; _module_preset=\u00bbdefault\u00bb custom_padding=\u00bb|30px||30px|false|false\u00bb global_colors_info=\u00bb{}\u00bb][\/et_pb_image][et_pb_image src=\u00bbhttps:\/\/centrodenegocioscordoba.com\/transportessidro\/wp-content\/uploads\/sites\/15\/2023\/08\/4.jpg\u00bb title_text=\u00bb4&#8243; _builder_version=\u00bb4.20.2&#8243; _module_preset=\u00bbdefault\u00bb custom_padding=\u00bb|30px||30px|false|false\u00bb global_colors_info=\u00bb{}\u00bb][\/et_pb_image][et_pb_image src=\u00bbhttps:\/\/centrodenegocioscordoba.com\/transportessidro\/wp-content\/uploads\/sites\/15\/2023\/08\/3-scaled.jpeg\u00bb title_text=\u00bb3&#8243; _builder_version=\u00bb4.20.2&#8243; _module_preset=\u00bbdefault\u00bb custom_padding=\u00bb|30px||30px|false|false\u00bb global_colors_info=\u00bb{}\u00bb][\/et_pb_image][et_pb_image src=\u00bbhttps:\/\/centrodenegocioscordoba.com\/transportessidro\/wp-content\/uploads\/sites\/15\/2023\/08\/6.jpg\u00bb title_text=\u00bbLavc53.35.0&#8243; _builder_version=\u00bb4.20.2&#8243; _module_preset=\u00bbdefault\u00bb custom_padding=\u00bb|30px||30px|false|false\u00bb global_colors_info=\u00bb{}\u00bb][\/et_pb_image][et_pb_image src=\u00bbhttps:\/\/centrodenegocioscordoba.com\/transportessidro\/wp-content\/uploads\/sites\/15\/2023\/08\/7.jpg\u00bb title_text=\u00bb7&#8243; _builder_version=\u00bb4.20.2&#8243; _module_preset=\u00bbdefault\u00bb custom_padding=\u00bb|30px||30px|false|false\u00bb global_colors_info=\u00bb{}\u00bb][\/et_pb_image][et_pb_image src=\u00bbhttps:\/\/centrodenegocioscordoba.com\/transportessidro\/wp-content\/uploads\/sites\/15\/2023\/08\/2-scaled.jpeg\u00bb title_text=\u00bb2&#8243; _builder_version=\u00bb4.20.2&#8243; _module_preset=\u00bbdefault\u00bb custom_padding=\u00bb|30px||30px|false|false\u00bb global_colors_info=\u00bb{}\u00bb][\/et_pb_image][et_pb_image src=\u00bbdata:image\/svg+xml;base64,PHN2ZyB3aWR0aD0iMTA4MCIgaGVpZ2h0PSI1NDAiIHZpZXdCb3g9IjAgMCAxMDgwIDU0MCIgeG1sbnM9Imh0dHA6Ly93d3cudzMub3JnLzIwMDAvc3ZnIj4KICAgIDxnIGZpbGw9Im5vbmUiIGZpbGwtcnVsZT0iZXZlbm9kZCI+CiAgICAgICAgPHBhdGggZmlsbD0iI0VCRUJFQiIgZD0iTTAgMGgxMDgwdjU0MEgweiIvPgogICAgICAgIDxwYXRoIGQ9Ik00NDUuNjQ5IDU0MGgtOTguOTk1TDE0NC42NDkgMzM3Ljk5NSAwIDQ4Mi42NDR2LTk4Ljk5NWwxMTYuMzY1LTExNi4zNjVjMTUuNjItMTUuNjIgNDAuOTQ3LTE1LjYyIDU2LjU2OCAwTDQ0NS42NSA1NDB6IiBmaWxsLW9wYWNpdHk9Ii4xIiBmaWxsPSIjMDAwIiBmaWxsLXJ1bGU9Im5vbnplcm8iLz4KICAgICAgICA8Y2lyY2xlIGZpbGwtb3BhY2l0eT0iLjA1IiBmaWxsPSIjMDAwIiBjeD0iMzMxIiBjeT0iMTQ4IiByPSI3MCIvPgogICAgICAgIDxwYXRoIGQ9Ik0xMDgwIDM3OXYxMTMuMTM3TDcyOC4xNjIgMTQwLjMgMzI4LjQ2MiA1NDBIMjE1LjMyNEw2OTkuODc4IDU1LjQ0NmMxNS42Mi0xNS42MiA0MC45NDgtMTUuNjIgNTYuNTY4IDBMMTA4MCAzNzl6IiBmaWxsLW9wYWNpdHk9Ii4yIiBmaWxsPSIjMDAwIiBmaWxsLXJ1bGU9Im5vbnplcm8iLz4KICAgIDwvZz4KPC9zdmc+Cg==\u00bb _builder_version=\u00bb4.16&#8243; _module_preset=\u00bbdefault\u00bb custom_padding=\u00bb|30px||30px|false|false\u00bb global_colors_info=\u00bb{}\u00bb][\/et_pb_image][\/et_pb_column][\/et_pb_row][et_pb_row _builder_version=\u00bb4.16&#8243; _module_preset=\u00bbdefault\u00bb custom_padding=\u00bb41px|||||\u00bb global_colors_info=\u00bb{}\u00bb][et_pb_column type=\u00bb4_4&#8243; _builder_version=\u00bb4.16&#8243; _module_preset=\u00bbdefault\u00bb global_colors_info=\u00bb{}\u00bb][et_pb_text _builder_version=\u00bb4.20.2&#8243; _module_preset=\u00bbdefault\u00bb header_text_align=\u00bbcenter\u00bb header_text_color=\u00bb#0C71C3&#8243; header_font_size=\u00bb35px\u00bb global_colors_info=\u00bb{}\u00bb]<\/p>\n<h1><strong>SERVICIOS<\/strong><\/h1>\n<p>[\/et_pb_text][\/et_pb_column][\/et_pb_row][et_pb_row column_structure=\u00bb1_3,1_3,1_3&#8243; _builder_version=\u00bb4.16&#8243; _module_preset=\u00bbdefault\u00bb max_width=\u00bb2560px\u00bb global_colors_info=\u00bb{}\u00bb custom_padding=\u00bb||0px|||\u00bb][et_pb_column type=\u00bb1_3&#8243; _builder_version=\u00bb4.16&#8243; _module_preset=\u00bbdefault\u00bb global_colors_info=\u00bb{}\u00bb][et_pb_text _builder_version=\u00bb4.20.2&#8243; _module_preset=\u00bbdefault\u00bb global_colors_info=\u00bb{}\u00bb]<\/p>\n<p style=\"text-align: center;\"><em>En Transportes Sidro ofrecemos una amplia gama de servicios entre los que se encuentran el transporte de carga completa, grupaje y almacenamiento de mercanc\u00edas en nuestras instalaciones de 2000 m2 cubiertos.<\/em><\/p>\n<p>[\/et_pb_text][\/et_pb_column][et_pb_column type=\u00bb1_3&#8243; _builder_version=\u00bb4.16&#8243; _module_preset=\u00bbdefault\u00bb global_colors_info=\u00bb{}\u00bb][et_pb_text _builder_version=\u00bb4.20.2&#8243; _module_preset=\u00bbdefault\u00bb global_colors_info=\u00bb{}\u00bb]<\/p>\n<p style=\"text-align: center;\"><em>Dado nuestro conocimiento de las necesidades de nuestros clientes, procuramos adaptarnos a las expectativas reales de cada uno de ellos.<\/em><\/p>\n<p>[\/et_pb_text][\/et_pb_column][et_pb_column type=\u00bb1_3&#8243; _builder_version=\u00bb4.16&#8243; _module_preset=\u00bbdefault\u00bb global_colors_info=\u00bb{}\u00bb][et_pb_text _builder_version=\u00bb4.20.2&#8243; _module_preset=\u00bbdefault\u00bb global_colors_info=\u00bb{}\u00bb]<\/p>\n<p style=\"text-align: center;\"><em>Transportes Sidro desde el a\u00f1o 2008 dispone en Sevilla de un Centro Log\u00edstico situado en el pol\u00edgono Parsi de la capital Hispalense.<\/em><\/p>\n<p style=\"text-align: center;\"><em>A trav\u00e9s de este Centro Log\u00edstico se da un mejor servicio ligero para los clientes que lo demandan.<\/em><\/p>\n<p>[\/et_pb_text][\/et_pb_column][\/et_pb_row][et_pb_row _builder_version=\u00bb4.23.3&#8243; _module_preset=\u00bbdefault\u00bb][et_pb_column _builder_version=\u00bb4.23.3&#8243; _module_preset=\u00bbdefault\u00bb type=\u00bb4_4&#8243;][et_pb_image src=\u00bbhttps:\/\/centrodenegocioscordoba.com\/transportessidro\/wp-content\/uploads\/sites\/15\/2024\/03\/Captura-de-pantalla-2024-03-13-134252.png\u00bb _builder_version=\u00bb4.23.3&#8243; _module_preset=\u00bbdefault\u00bb title_text=\u00bbCaptura de pantalla 2024-03-13 134252&#8243; hover_enabled=\u00bb0&#8243; sticky_enabled=\u00bb0&#8243; custom_padding=\u00bb|126px||126px||true\u00bb][\/et_pb_image][et_pb_divider _builder_version=\u00bb4.23.3&#8243; _module_preset=\u00bbdefault\u00bb hover_enabled=\u00bb0&#8243; sticky_enabled=\u00bb0&#8243;][\/et_pb_divider][\/et_pb_column][\/et_pb_row][et_pb_row _builder_version=\u00bb4.16&#8243; _module_preset=\u00bbdefault\u00bb custom_padding=\u00bb13px|||||\u00bb global_colors_info=\u00bb{}\u00bb][et_pb_column type=\u00bb4_4&#8243; _builder_version=\u00bb4.16&#8243; _module_preset=\u00bbdefault\u00bb global_colors_info=\u00bb{}\u00bb][et_pb_text _builder_version=\u00bb4.20.2&#8243; _module_preset=\u00bbdefault\u00bb header_text_align=\u00bbcenter\u00bb header_text_color=\u00bb#0C71C3&#8243; header_font_size=\u00bb35px\u00bb global_colors_info=\u00bb{}\u00bb]<\/p>\n<h1><strong>SEGUIMIENTO GPS<\/strong><\/h1>\n<p>[\/et_pb_text][\/et_pb_column][\/et_pb_row][et_pb_row column_structure=\u00bb1_3,1_3,1_3&#8243; _builder_version=\u00bb4.16&#8243; _module_preset=\u00bbdefault\u00bb max_width=\u00bb2560px\u00bb global_colors_info=\u00bb{}\u00bb][et_pb_column type=\u00bb1_3&#8243; _builder_version=\u00bb4.16&#8243; _module_preset=\u00bbdefault\u00bb global_colors_info=\u00bb{}\u00bb][et_pb_text _builder_version=\u00bb4.20.2&#8243; _module_preset=\u00bbdefault\u00bb global_colors_info=\u00bb{}\u00bb]<\/p>\n<h3 style=\"text-align: center;\"><img loading=\"lazy\" decoding=\"async\" src=\"https:\/\/centrodenegocioscordoba.com\/transportessidro\/wp-content\/uploads\/sites\/15\/2023\/08\/4-300x173.jpg\" width=\"300\" height=\"173\" alt=\"\" class=\"wp-image-98 alignnone size-medium\" \/><\/h3>\n<p>[\/et_pb_text][\/et_pb_column][et_pb_column type=\u00bb1_3&#8243; _builder_version=\u00bb4.16&#8243; _module_preset=\u00bbdefault\u00bb global_colors_info=\u00bb{}\u00bb][et_pb_text _builder_version=\u00bb4.20.2&#8243; _module_preset=\u00bbdefault\u00bb global_colors_info=\u00bb{}\u00bb]<\/p>\n<p style=\"text-align: center;\"><em>Un moderno y sofisticado sistema de localizaci\u00f3n v\u00eda sat\u00e9lite permite posicionar todos los veh\u00edculos de la flota de Transportes Sidro en mapas geo-referenciados, poder conocer el punto exacto en el que se encuentra cada veh\u00edculo, trazar las rutas m\u00e1s \u00f3ptimas y mantener un contacto continuo con el conductor.<\/em><\/p>\n<p style=\"text-align: center;\"><em>Conociendo a tiempo real, cual es la ubicaci\u00f3n exacta de la mercanc\u00eda con un margen de error m\u00ednimo.<\/em><\/p>\n<p>[\/et_pb_text][\/et_pb_column][et_pb_column type=\u00bb1_3&#8243; _builder_version=\u00bb4.16&#8243; _module_preset=\u00bbdefault\u00bb global_colors_info=\u00bb{}\u00bb][et_pb_text _builder_version=\u00bb4.20.2&#8243; _module_preset=\u00bbdefault\u00bb custom_padding=\u00bb|||91px||\u00bb global_colors_info=\u00bb{}\u00bb]<\/p>\n<p><img loading=\"lazy\" decoding=\"async\" src=\"https:\/\/centrodenegocioscordoba.com\/transportessidro\/wp-content\/uploads\/sites\/15\/2023\/08\/6-300x169.jpg\" width=\"300\" height=\"169\" alt=\"\" class=\"wp-image-100 size-medium\" \/>\u00a0<\/p>\n<p>[\/et_pb_text][\/et_pb_column][\/et_pb_row][et_pb_row _builder_version=\u00bb4.16&#8243; _module_preset=\u00bbdefault\u00bb custom_padding=\u00bb74px|||||\u00bb global_colors_info=\u00bb{}\u00bb][et_pb_column type=\u00bb4_4&#8243; _builder_version=\u00bb4.16&#8243; _module_preset=\u00bbdefault\u00bb global_colors_info=\u00bb{}\u00bb][et_pb_text _builder_version=\u00bb4.20.2&#8243; _module_preset=\u00bbdefault\u00bb header_text_align=\u00bbcenter\u00bb header_text_color=\u00bb#0C71C3&#8243; header_font_size=\u00bb35px\u00bb global_colors_info=\u00bb{}\u00bb]<\/p>\n<h1><strong>CONTACTO<\/strong><\/h1>\n<p>[\/et_pb_text][\/et_pb_column][\/et_pb_row][et_pb_row column_structure=\u00bb1_2,1_2&#8243; _builder_version=\u00bb4.8.2&#8243; _module_preset=\u00bbdefault\u00bb max_width=\u00bb2560px\u00bb global_module=\u00bb49&#8243; saved_tabs=\u00bball\u00bb global_colors_info=\u00bb{}\u00bb][et_pb_column type=\u00bb1_2&#8243; _builder_version=\u00bb4.16&#8243; _module_preset=\u00bbdefault\u00bb global_colors_info=\u00bb{}\u00bb][et_pb_text _builder_version=\u00bb4.20.2&#8243; _module_preset=\u00bbdefault\u00bb global_colors_info=\u00bb{}\u00bb]<iframe src=\"https:\/\/www.google.com\/maps\/embed?pb=!1m18!1m12!1m3!1d3058.0570407224045!2d-0.08495112355207252!3d39.96247738316095!2m3!1f0!2f0!3f0!3m2!1i1024!2i768!4f13.1!3m3!1m2!1s0xd600734a3ae02c3%3A0x14b034d72e41b951!2sTransportes%20Sidro%20Beltran%20SL!5e0!3m2!1ses!2ses!4v1691394953255!5m2!1ses!2ses\" width=\"700\" height=\"300\" style=\"border:0;\" allowfullscreen=\"\" loading=\"lazy\" referrerpolicy=\"no-referrer-when-downgrade\"><\/iframe>[\/et_pb_text][\/et_pb_column][et_pb_column type=\u00bb1_2&#8243; _builder_version=\u00bb4.16&#8243; _module_preset=\u00bbdefault\u00bb global_colors_info=\u00bb{}\u00bb][et_pb_text _builder_version=\u00bb4.20.2&#8243; _module_preset=\u00bbdefault\u00bb global_colors_info=\u00bb{}\u00bb]<\/p>\n<p><em>Centro Empresarial La Plana,\u00a0<\/em><em>Calle Paulista n\u00ba 27-28-29.\u00a0<\/em><em>Apartado de Correos n\u00ba 182<\/em><\/p>\n<p><em>12550 Almazora, <\/em><em>Castell\u00f3n.<\/em><\/p>\n<p><em>964 21 95 33 Tel\u00e9fono oficinas.<\/em><\/p>\n<p><em>610 58 28 95 Exclusivo Pedidos.<\/em><\/p>\n<p>&nbsp;<\/p>\n<p>Horario atenci\u00f3n cliente:<\/p>\n<p>De Lunes a Viernes de 09:00 a 19:00<\/p>\n<p><em><a href=\"mailto:administracion@transportessidro.com\">administracion@transportessidro.com<\/a><\/em><\/p>\n<p>&nbsp;<\/p>\n<p>[\/et_pb_text][\/et_pb_column][\/et_pb_row][\/et_pb_section]<\/p>\n","protected":false},"excerpt":{"rendered":"<p>Texto1Texto2Texto3Texto4SHOWROOMSERVICIOSEn Transportes Sidro ofrecemos una amplia gama de servicios entre los que se encuentran el transporte de carga completa, grupaje y almacenamiento de mercanc\u00edas en nuestras instalaciones de 2000 m2 cubiertos.Dado nuestro conocimiento de las necesidades de nuestros clientes, procuramos adaptarnos a las expectativas reales de cada uno de ellos.Transportes Sidro desde el a\u00f1o 2008 [&hellip;]<\/p>\n","protected":false},"author":1,"featured_media":0,"parent":0,"menu_order":0,"comment_status":"closed","ping_status":"closed","template":"","meta":{"_et_pb_use_builder":"on","_et_pb_old_content":"","_et_gb_content_width":"","footnotes":""},"class_list":["post-11","page","type-page","status-publish","hentry"],"_links":{"self":[{"href":"https:\/\/centrodenegocioscordoba.com\/transportessidro\/wp-json\/wp\/v2\/pages\/11","targetHints":{"allow":["GET"]}}],"collection":[{"href":"https:\/\/centrodenegocioscordoba.com\/transportessidro\/wp-json\/wp\/v2\/pages"}],"about":[{"href":"https:\/\/centrodenegocioscordoba.com\/transportessidro\/wp-json\/wp\/v2\/types\/page"}],"author":[{"embeddable":true,"href":"https:\/\/centrodenegocioscordoba.com\/transportessidro\/wp-json\/wp\/v2\/users\/1"}],"replies":[{"embeddable":true,"href":"https:\/\/centrodenegocioscordoba.com\/transportessidro\/wp-json\/wp\/v2\/comments?post=11"}],"version-history":[{"count":8,"href":"https:\/\/centrodenegocioscordoba.com\/transportessidro\/wp-json\/wp\/v2\/pages\/11\/revisions"}],"predecessor-version":[{"id":132,"href":"https:\/\/centrodenegocioscordoba.com\/transportessidro\/wp-json\/wp\/v2\/pages\/11\/revisions\/132"}],"wp:attachment":[{"href":"https:\/\/centrodenegocioscordoba.com\/transportessidro\/wp-json\/wp\/v2\/media?parent=11"}],"curies":[{"name":"wp","href":"https:\/\/api.w.org\/{rel}","templated":true}]}}