{"id":11,"date":"2021-01-29T08:30:44","date_gmt":"2021-01-29T08:30:44","guid":{"rendered":"https:\/\/gestimedios.com\/?page_id=11"},"modified":"2021-02-23T16:51:34","modified_gmt":"2021-02-23T16:51:34","slug":"inicio","status":"publish","type":"page","link":"https:\/\/centrodenegocioscordoba.com\/tresdebox\/","title":{"rendered":"Inicio"},"content":{"rendered":"<p>[et_pb_section fb_built=\u00bb1&#8243; _builder_version=\u00bb4.8.2&#8243; _module_preset=\u00bbdefault\u00bb custom_margin=\u00bb0px||||false|false\u00bb custom_padding=\u00bb0px||80px||false|false\u00bb][et_pb_row use_custom_gutter=\u00bbon\u00bb gutter_width=\u00bb1&#8243; make_equal=\u00bbon\u00bb _builder_version=\u00bb4.8.2&#8243; _module_preset=\u00bbdefault\u00bb width=\u00bb100%\u00bb max_width=\u00bb2560px\u00bb module_alignment=\u00bbcenter\u00bb min_height=\u00bb1000px\u00bb height=\u00bb1000px\u00bb max_height=\u00bb1000px\u00bb custom_margin=\u00bb-41px||-452px||false|false\u00bb custom_padding=\u00bb100px||378px||false|false\u00bb][et_pb_column type=\u00bb4_4&#8243; _builder_version=\u00bb4.8.2&#8243; _module_preset=\u00bbdefault\u00bb][et_pb_slider _builder_version=\u00bb4.8.2&#8243; _module_preset=\u00bbdefault\u00bb][et_pb_slide heading=\u00bbESTUDIO DE INFOGRAF\u00cdA 3D Y DISE\u00d1O \u00bb use_bg_overlay=\u00bbon\u00bb use_text_overlay=\u00bboff\u00bb _builder_version=\u00bb4.8.2&#8243; _module_preset=\u00bbdefault\u00bb background_image=\u00bbhttps:\/\/centrodenegocioscordoba.com\/tresdebox\/wp-content\/uploads\/sites\/6\/2021\/02\/oficina_amb02_08-scaled.jpg\u00bb background_enable_image=\u00bbon\u00bb header_text_shadow_style=\u00bbpreset1&#8243; sticky_transition=\u00bbon\u00bb]<\/p>\n<p><strong>Conoce todos nuestros proyectos de recreaciones arqueol\u00f3gicas, infroestructura, mobiliario&#8230;<\/strong><\/p>\n<p>[\/et_pb_slide][et_pb_slide heading=\u00bbESPECIALIZADOS EN LA CREACI\u00d3N DE INFOGRAF\u00cdAS\u00bb use_bg_overlay=\u00bbon\u00bb use_text_overlay=\u00bboff\u00bb _builder_version=\u00bb4.8.2&#8243; _module_preset=\u00bbdefault\u00bb background_image=\u00bbhttps:\/\/centrodenegocioscordoba.com\/tresdebox\/wp-content\/uploads\/sites\/6\/2021\/02\/salon_amb1_13-1-scaled.jpg\u00bb background_enable_image=\u00bbon\u00bb header_text_shadow_style=\u00bbpreset1&#8243; sticky_transition=\u00bbon\u00bb]<\/p>\n<p><b>Hacemos realidad aquellos proyectos que est\u00e1n en tu mente<\/b><\/p>\n<p>[\/et_pb_slide][\/et_pb_slider][\/et_pb_column][\/et_pb_row][et_pb_row _builder_version=\u00bb4.8.2&#8243; _module_preset=\u00bbdefault\u00bb][et_pb_column type=\u00bb4_4&#8243; _builder_version=\u00bb4.8.2&#8243; _module_preset=\u00bbdefault\u00bb][\/et_pb_column][\/et_pb_row][et_pb_row _builder_version=\u00bb4.8.2&#8243; _module_preset=\u00bbdefault\u00bb custom_padding=\u00bb117px|||||\u00bb][et_pb_column type=\u00bb4_4&#8243; _builder_version=\u00bb4.8.2&#8243; _module_preset=\u00bbdefault\u00bb][et_pb_text _builder_version=\u00bb4.8.2&#8243; _module_preset=\u00bbdefault\u00bb text_text_color=\u00bb#000000&#8243; header_text_align=\u00bbcenter\u00bb header_text_color=\u00bbrgba(0,0,0,0.64)\u00bb header_font_size=\u00bb35px\u00bb]<\/p>\n<h1><strong>NUESTROS PROYECTOS<\/strong><\/h1>\n<p>[\/et_pb_text][\/et_pb_column][\/et_pb_row][et_pb_row use_custom_gutter=\u00bbon\u00bb module_class=\u00bbds-carousel\u00bb _builder_version=\u00bb4.8.2&#8243; _module_preset=\u00bbdefault\u00bb max_width=\u00bb2560px\u00bb][et_pb_column type=\u00bb4_4&#8243; _builder_version=\u00bb4.8.2&#8243; _module_preset=\u00bbdefault\u00bb][et_pb_image src=\u00bbhttps:\/\/centrodenegocioscordoba.com\/tresdebox\/wp-content\/uploads\/sites\/6\/2021\/02\/Portada_03.jpg\u00bb title_text=\u00bbPortada_03&#8243; _builder_version=\u00bb4.8.2&#8243; _module_preset=\u00bbdefault\u00bb custom_padding=\u00bb|30px||30px|false|false\u00bb][\/et_pb_image][et_pb_image src=\u00bbhttps:\/\/centrodenegocioscordoba.com\/tresdebox\/wp-content\/uploads\/sites\/6\/2021\/02\/Portada_18.jpg\u00bb alt=\u00bbproyecto infografia dise\u00f1o interior tresdebox\u00bb title_text=\u00bbproyecto infografia dise\u00f1o interior tresdebox\u00bb _builder_version=\u00bb4.8.2&#8243; _module_preset=\u00bbdefault\u00bb custom_padding=\u00bb|30px||30px|false|false\u00bb][\/et_pb_image][et_pb_image src=\u00bbhttps:\/\/centrodenegocioscordoba.com\/tresdebox\/wp-content\/uploads\/sites\/6\/2021\/02\/cocina04_vista4.jpg\u00bb title_text=\u00bbcocina04_vista4&#8243; _builder_version=\u00bb4.8.2&#8243; _module_preset=\u00bbdefault\u00bb custom_padding=\u00bb|0px|0px|0px|false|false\u00bb][\/et_pb_image][et_pb_image src=\u00bbhttps:\/\/centrodenegocioscordoba.com\/tresdebox\/wp-content\/uploads\/sites\/6\/2021\/02\/portada_24.jpg\u00bb title_text=\u00bbportada_24&#8243; _builder_version=\u00bb4.8.2&#8243; _module_preset=\u00bbdefault\u00bb custom_padding=\u00bb|30px||30px|false|false\u00bb][\/et_pb_image][et_pb_image src=\u00bbhttps:\/\/centrodenegocioscordoba.com\/tresdebox\/wp-content\/uploads\/sites\/6\/2021\/02\/Portada_02.jpg\u00bb title_text=\u00bbPortada_02&#8243; _builder_version=\u00bb4.8.2&#8243; _module_preset=\u00bbdefault\u00bb custom_padding=\u00bb|30px||30px|false|false\u00bb][\/et_pb_image][et_pb_image src=\u00bbhttps:\/\/centrodenegocioscordoba.com\/tresdebox\/wp-content\/uploads\/sites\/6\/2021\/02\/Portada_15.jpg\u00bb title_text=\u00bbPortada_15&#8243; _builder_version=\u00bb4.8.2&#8243; _module_preset=\u00bbdefault\u00bb custom_padding=\u00bb|30px||30px|false|false\u00bb][\/et_pb_image][\/et_pb_column][\/et_pb_row][et_pb_row _builder_version=\u00bb4.8.2&#8243; _module_preset=\u00bbdefault\u00bb custom_margin=\u00bb66px|auto||auto||\u00bb custom_padding=\u00bb||51px|||\u00bb][et_pb_column type=\u00bb4_4&#8243; _builder_version=\u00bb4.8.2&#8243; _module_preset=\u00bbdefault\u00bb][et_pb_text _builder_version=\u00bb4.8.2&#8243; _module_preset=\u00bbdefault\u00bb text_text_color=\u00bb#000000&#8243; header_text_align=\u00bbcenter\u00bb header_text_color=\u00bbrgba(0,0,0,0.64)\u00bb header_font_size=\u00bb35px\u00bb]<\/p>\n<h1><strong>REPRESENTACIONES DE<\/strong><\/h1>\n<p>[\/et_pb_text][\/et_pb_column][\/et_pb_row][et_pb_row column_structure=\u00bb1_4,1_4,1_4,1_4&#8243; use_custom_gutter=\u00bbon\u00bb gutter_width=\u00bb4&#8243; make_equal=\u00bbon\u00bb _builder_version=\u00bb4.8.2&#8243; _module_preset=\u00bbdefault\u00bb background_color=\u00bbrgba(0,0,0,0.08)\u00bb width=\u00bb91%\u00bb max_width=\u00bb2560px\u00bb module_alignment=\u00bbcenter\u00bb custom_margin=\u00bb1px||18px||false|false\u00bb custom_padding=\u00bb38px||39px||false|false\u00bb][et_pb_column type=\u00bb1_4&#8243; _builder_version=\u00bb4.8.2&#8243; _module_preset=\u00bbdefault\u00bb][et_pb_text _builder_version=\u00bb4.8.2&#8243; _module_preset=\u00bbdefault\u00bb]<\/p>\n<h3 style=\"text-align: center;\"><img loading=\"lazy\" decoding=\"async\" src=\"https:\/\/centrodenegocioscordoba.com\/tresdebox\/wp-content\/uploads\/sites\/6\/2021\/02\/infografia-300x300.png\" width=\"137\" height=\"137\" alt=\"\" class=\"wp-image-162 alignnone size-medium\" \/><\/h3>\n<p>&nbsp;<\/p>\n<h3 style=\"text-align: center;\"><strong>Infograf\u00edas<\/strong><\/h3>\n<p>[\/et_pb_text][\/et_pb_column][et_pb_column type=\u00bb1_4&#8243; _builder_version=\u00bb4.8.2&#8243; _module_preset=\u00bbdefault\u00bb][et_pb_text _builder_version=\u00bb4.8.2&#8243; _module_preset=\u00bbdefault\u00bb]<\/p>\n<h3 style=\"text-align: center;\"><img loading=\"lazy\" decoding=\"async\" src=\"https:\/\/centrodenegocioscordoba.com\/tresdebox\/wp-content\/uploads\/sites\/6\/2021\/02\/arqueologia-300x300.png\" width=\"139\" height=\"139\" alt=\"\" class=\"wp-image-163 alignnone size-medium\" \/><\/h3>\n<p>&nbsp;<\/p>\n<h3 style=\"text-align: center;\"><strong>Arqueol\u00f3gicas<\/strong><\/h3>\n<p>[\/et_pb_text][\/et_pb_column][et_pb_column type=\u00bb1_4&#8243; _builder_version=\u00bb4.8.2&#8243; _module_preset=\u00bbdefault\u00bb][et_pb_text _builder_version=\u00bb4.8.2&#8243; _module_preset=\u00bbdefault\u00bb]<\/p>\n<h3 style=\"text-align: center;\"><img loading=\"lazy\" decoding=\"async\" src=\"https:\/\/centrodenegocioscordoba.com\/tresdebox\/wp-content\/uploads\/sites\/6\/2021\/02\/nuevo-producto-300x300.png\" width=\"137\" height=\"137\" alt=\"\" class=\"wp-image-164 alignnone size-medium\" \/><\/h3>\n<p>&nbsp;<\/p>\n<h3 style=\"text-align: center;\"><strong>Productos<\/strong><\/h3>\n<p>[\/et_pb_text][\/et_pb_column][et_pb_column type=\u00bb1_4&#8243; _builder_version=\u00bb4.8.2&#8243; _module_preset=\u00bbdefault\u00bb][et_pb_text _builder_version=\u00bb4.8.2&#8243; _module_preset=\u00bbdefault\u00bb]<\/p>\n<h3 style=\"text-align: center;\"><img loading=\"lazy\" decoding=\"async\" src=\"https:\/\/centrodenegocioscordoba.com\/tresdebox\/wp-content\/uploads\/sites\/6\/2021\/02\/inmobiliaria-300x300.png\" width=\"144\" height=\"144\" alt=\"\" class=\"wp-image-165 alignnone size-medium\" \/><\/h3>\n<p>&nbsp;<\/p>\n<h3 style=\"text-align: center;\"><strong>Infoestructura<\/strong><\/h3>\n<p>[\/et_pb_text][\/et_pb_column][\/et_pb_row][et_pb_row _builder_version=\u00bb4.8.2&#8243; _module_preset=\u00bbdefault\u00bb custom_margin=\u00bb90px|auto||auto||\u00bb][et_pb_column type=\u00bb4_4&#8243; _builder_version=\u00bb4.8.2&#8243; _module_preset=\u00bbdefault\u00bb][et_pb_text _builder_version=\u00bb4.8.2&#8243; _module_preset=\u00bbdefault\u00bb text_text_color=\u00bb#000000&#8243; header_text_align=\u00bbcenter\u00bb header_text_color=\u00bbrgba(0,0,0,0.64)\u00bb header_font_size=\u00bb35px\u00bb]<\/p>\n<h1><strong>NUESTROS PRODUCTOS<\/strong><\/h1>\n<p>[\/et_pb_text][\/et_pb_column][\/et_pb_row][et_pb_row column_structure=\u00bb1_3,1_3,1_3&#8243; _builder_version=\u00bb4.8.2&#8243; _module_preset=\u00bbdefault\u00bb max_width=\u00bb2560px\u00bb custom_margin=\u00bb|auto|91px|auto||\u00bb][et_pb_column type=\u00bb1_3&#8243; _builder_version=\u00bb4.8.2&#8243; _module_preset=\u00bbdefault\u00bb][et_pb_text _builder_version=\u00bb4.8.2&#8243; _module_preset=\u00bbdefault\u00bb hover_enabled=\u00bb0&#8243; link_option_url=\u00bb@ET-DC@eyJkeW5hbWljIjp0cnVlLCJjb250ZW50IjoicG9zdF9saW5rX3VybF9wYWdlIiwic2V0dGluZ3MiOnsicG9zdF9pZCI6IjI3In19@\u00bb _dynamic_attributes=\u00bblink_option_url\u00bb sticky_enabled=\u00bb0&#8243;]<\/p>\n<p><img loading=\"lazy\" decoding=\"async\" src=\"https:\/\/centrodenegocioscordoba.com\/tresdebox\/wp-content\/uploads\/sites\/6\/2021\/02\/19-10-08_viv_bcn_dormprinc-1-300x169.jpg\" width=\"321\" height=\"181\" alt=\"\" class=\"wp-image-225 alignnone size-medium\" style=\"display: block; margin-left: auto; margin-right: auto;\" \/><\/p>\n<h3 style=\"text-align: center;\"><span style=\"text-align: left;\"><\/span><\/h3>\n<h3 style=\"text-align: center;\"><span style=\"text-align: left;\"><\/span><\/h3>\n<h3 style=\"text-align: center;\"><span style=\"text-align: left;\">Infoarquitectura<\/span><\/h3>\n<p>[\/et_pb_text][\/et_pb_column][et_pb_column type=\u00bb1_3&#8243; _builder_version=\u00bb4.8.2&#8243; _module_preset=\u00bbdefault\u00bb][et_pb_text _builder_version=\u00bb4.8.2&#8243; _module_preset=\u00bbdefault\u00bb custom_padding=\u00bb||0px|||\u00bb hover_enabled=\u00bb0&#8243; link_option_url=\u00bb@ET-DC@eyJkeW5hbWljIjp0cnVlLCJjb250ZW50IjoicG9zdF9saW5rX3VybF9wYWdlIiwic2V0dGluZ3MiOnsicG9zdF9pZCI6IjI3In19@\u00bb _dynamic_attributes=\u00bblink_option_url\u00bb sticky_enabled=\u00bb0&#8243;]<\/p>\n<p><img loading=\"lazy\" decoding=\"async\" src=\"https:\/\/centrodenegocioscordoba.com\/tresdebox\/wp-content\/uploads\/sites\/6\/2021\/02\/19-10-08_viv_bcn_salon1.RGB_color.0000-1-300x169.jpg\" width=\"323\" height=\"182\" alt=\"\" class=\"wp-image-224 alignnone size-medium\" style=\"display: block; margin-left: auto; margin-right: auto;\" \/><\/p>\n<h3 style=\"text-align: center;\"><span style=\"text-align: left;\"><\/span><\/h3>\n<h3 style=\"text-align: center;\"><span style=\"text-align: left;\"><\/span><\/h3>\n<h3 style=\"text-align: center;\"><span style=\"text-align: left;\">Infoarquitectura<\/span><\/h3>\n<h3 style=\"text-align: center;\"><\/h3>\n<p>[\/et_pb_text][\/et_pb_column][et_pb_column type=\u00bb1_3&#8243; _builder_version=\u00bb4.8.2&#8243; _module_preset=\u00bbdefault\u00bb][et_pb_text _builder_version=\u00bb4.8.2&#8243; _module_preset=\u00bbdefault\u00bb hover_enabled=\u00bb0&#8243; link_option_url=\u00bb@ET-DC@eyJkeW5hbWljIjp0cnVlLCJjb250ZW50IjoicG9zdF9saW5rX3VybF9wYWdlIiwic2V0dGluZ3MiOnsicG9zdF9pZCI6IjI3In19@\u00bb _dynamic_attributes=\u00bblink_option_url\u00bb sticky_enabled=\u00bb0&#8243;]<\/p>\n<p><img loading=\"lazy\" decoding=\"async\" src=\"https:\/\/centrodenegocioscordoba.com\/tresdebox\/wp-content\/uploads\/sites\/6\/2021\/02\/salon-patio_post_low-1-300x169.jpg\" width=\"327\" height=\"184\" alt=\"\" class=\"wp-image-223 alignnone size-medium\" style=\"display: block; margin-left: auto; margin-right: auto;\" \/><\/p>\n<h3 style=\"text-align: center;\"><span style=\"text-align: left;\"><\/span><\/h3>\n<h3 style=\"text-align: center;\"><span style=\"text-align: left;\"><\/span><\/h3>\n<h3 style=\"text-align: center;\"><span style=\"text-align: left;\">Infoarquitectura<\/span><\/h3>\n<p>[\/et_pb_text][\/et_pb_column][\/et_pb_row][et_pb_row use_custom_gutter=\u00bbon\u00bb gutter_width=\u00bb1&#8243; admin_label=\u00bbbanner\u00bb _builder_version=\u00bb4.8.2&#8243; _module_preset=\u00bbdefault\u00bb max_width=\u00bb2560px\u00bb min_height=\u00bb635px\u00bb custom_padding=\u00bb2px|||||\u00bb][et_pb_column type=\u00bb4_4&#8243; _builder_version=\u00bb4.8.2&#8243; _module_preset=\u00bbdefault\u00bb background_color=\u00bb#D6D6D6&#8243;][et_pb_image src=\u00bbhttps:\/\/centrodenegocioscordoba.com\/tresdebox\/wp-content\/uploads\/sites\/6\/2021\/02\/banner-facebook-tres-de-box-infografia-2.png\u00bb title_text=\u00bbbanner facebook tres de box infografia\u00bb _builder_version=\u00bb4.8.2&#8243; _module_preset=\u00bbdefault\u00bb custom_padding=\u00bb44px||42px|||\u00bb][\/et_pb_image][\/et_pb_column][\/et_pb_row][et_pb_row _builder_version=\u00bb4.8.2&#8243; _module_preset=\u00bbdefault\u00bb custom_margin=\u00bb-48px|auto||auto||\u00bb][et_pb_column type=\u00bb4_4&#8243; _builder_version=\u00bb4.8.2&#8243; _module_preset=\u00bbdefault\u00bb][et_pb_text _builder_version=\u00bb4.8.2&#8243; _module_preset=\u00bbdefault\u00bb text_text_color=\u00bb#000000&#8243; header_text_align=\u00bbcenter\u00bb header_text_color=\u00bbrgba(0,0,0,0.64)\u00bb header_font_size=\u00bb35px\u00bb custom_margin=\u00bb0px||10px|||\u00bb custom_padding=\u00bb95px|||||\u00bb]<\/p>\n<h1><strong>CONTACTO<\/strong><\/h1>\n<p>[\/et_pb_text][\/et_pb_column][\/et_pb_row][et_pb_row column_structure=\u00bb1_2,1_2&#8243; use_custom_gutter=\u00bbon\u00bb make_equal=\u00bbon\u00bb _builder_version=\u00bb4.8.2&#8243; _module_preset=\u00bbdefault\u00bb background_color=\u00bbrgba(0,0,0,0.07)\u00bb width=\u00bb100%\u00bb max_width=\u00bb2560px\u00bb module_alignment=\u00bbcenter\u00bb custom_margin=\u00bb|231px|24px|285px||\u00bb custom_padding=\u00bb40px|230px|40px|||\u00bb global_module=\u00bb49&#8243; saved_tabs=\u00bball\u00bb][et_pb_column type=\u00bb1_2&#8243; _builder_version=\u00bb4.8.2&#8243; _module_preset=\u00bbdefault\u00bb][et_pb_text _builder_version=\u00bb4.8.2&#8243; _module_preset=\u00bbdefault\u00bb min_height=\u00bb101px\u00bb custom_margin=\u00bb|-155px||-155px||false\u00bb custom_padding=\u00bb|25px||433px||\u00bb]<\/p>\n<p style=\"text-align: right;\"><span style=\"font-size: medium;\"><strong>Calle Ingeniero Juan de la Cierva 36, 2\u00aa planta, 10A<\/strong><\/span><br \/><span style=\"font-size: medium;\"> <strong>14013 \u2013 C\u00f3rdoba<\/strong><\/span><\/p>\n<p style=\"text-align: right;\"><span style=\"font-size: medium;\"><strong>679421619<\/strong><\/span><\/p>\n<p style=\"text-align: right;\"><span style=\"font-size: medium;\"><strong>rafafel@tresdebox.es<\/strong><\/span><\/p>\n<p>[\/et_pb_text][\/et_pb_column][et_pb_column type=\u00bb1_2&#8243; _builder_version=\u00bb4.8.2&#8243; _module_preset=\u00bbdefault\u00bb][et_pb_image src=\u00bbhttps:\/\/centrodenegocioscordoba.com\/tresdebox\/wp-content\/uploads\/sites\/6\/2021\/02\/localizacion-tres-debox-infografia.png\u00bb alt=\u00bblocalizacion tres debox infografia\u00bb title_text=\u00bblocalizacion tres debox infografia\u00bb _builder_version=\u00bb4.8.2&#8243; _module_preset=\u00bbdefault\u00bb width=\u00bb73%\u00bb module_alignment=\u00bbcenter\u00bb custom_margin=\u00bb|||-81px||\u00bb custom_padding=\u00bb|||24px||\u00bb][\/et_pb_image][\/et_pb_column][\/et_pb_row][\/et_pb_section]<\/p>\n","protected":false},"excerpt":{"rendered":"<p>Conoce todos nuestros proyectos de recreaciones arqueol\u00f3gicas, infroestructura, mobiliario&#8230;Hacemos realidad aquellos proyectos que est\u00e1n en tu menteNUESTROS PROYECTOSREPRESENTACIONES DE &nbsp; Infograf\u00edas &nbsp; Arqueol\u00f3gicas &nbsp; Productos &nbsp; InfoestructuraNUESTROS PRODUCTOS Infoarquitectura Infoarquitectura InfoarquitecturaCONTACTOCalle Ingeniero Juan de la Cierva 36, 2\u00aa planta, 10A 14013 \u2013 C\u00f3rdoba 679421619 rafafel@tresdebox.es<\/p>\n","protected":false},"author":1,"featured_media":0,"parent":0,"menu_order":0,"comment_status":"closed","ping_status":"closed","template":"","meta":{"_et_pb_use_builder":"on","_et_pb_old_content":"","_et_gb_content_width":"","footnotes":""},"class_list":["post-11","page","type-page","status-publish","hentry"],"_links":{"self":[{"href":"https:\/\/centrodenegocioscordoba.com\/tresdebox\/wp-json\/wp\/v2\/pages\/11","targetHints":{"allow":["GET"]}}],"collection":[{"href":"https:\/\/centrodenegocioscordoba.com\/tresdebox\/wp-json\/wp\/v2\/pages"}],"about":[{"href":"https:\/\/centrodenegocioscordoba.com\/tresdebox\/wp-json\/wp\/v2\/types\/page"}],"author":[{"embeddable":true,"href":"https:\/\/centrodenegocioscordoba.com\/tresdebox\/wp-json\/wp\/v2\/users\/1"}],"replies":[{"embeddable":true,"href":"https:\/\/centrodenegocioscordoba.com\/tresdebox\/wp-json\/wp\/v2\/comments?post=11"}],"version-history":[{"count":18,"href":"https:\/\/centrodenegocioscordoba.com\/tresdebox\/wp-json\/wp\/v2\/pages\/11\/revisions"}],"predecessor-version":[{"id":255,"href":"https:\/\/centrodenegocioscordoba.com\/tresdebox\/wp-json\/wp\/v2\/pages\/11\/revisions\/255"}],"wp:attachment":[{"href":"https:\/\/centrodenegocioscordoba.com\/tresdebox\/wp-json\/wp\/v2\/media?parent=11"}],"curies":[{"name":"wp","href":"https:\/\/api.w.org\/{rel}","templated":true}]}}